 - y + 2 = n. Suppose -2*r + 14 = -b*r. What is the units digit of r?
7
What is the units digit of 611/7 + (-16)/56?
7
Let p = -128 + 361. What is the hundreds digit of p?
2
Let u = 10 + -19. What is the units digit of (-1)/(-3)*0 - u?
9
Let f(w) = -3*w + 2. Let x be (-2)/(-7) + (-46)/14. What is the tens digit of f(x)?
1
Let b(u) = u**2 + u + 10. What is the tens digit of b(5)?
4
Let m = -40 + 95. What is the units digit of m?
5
Suppose -4*f - 11 = 5*s, -5*s + 10 + 15 = -5*f. Let n be 3/(-1) + (s - -1). What is the units digit of (n + 2)/(1/2)?
2
Let k(n) = -11*n - 21. What is the tens digit of k(-32)?
3
Let o(h) = 22*h - 18. What is the tens digit of o(4)?
7
Let f be 1 - (1 - 0/2). Suppose 2*x = -2*l - 0*x, -l + x + 8 = f. Suppose 5 - 8 = -4*o + n, -l*o + 2*n + 2 = 0. What is the units digit of o?
1
Let j = -10 + 13. Suppose -j*i + 4*b - 5 = 0, -i - 3*b = -0*i - 7. What is the units digit of i?
1
Suppose 2*k - 208 = -2*k. Suppose r + g - 21 = 4*g, 4*r + 4*g = k. Suppose -3*y + 2*a - a = -21, -r = -5*a. What is the units digit of y?
8
What is the units digit of ((-3)/3)/((-2)/16)?
8
Suppose 0 = 4*t - 0*t + h - 15, -h = t - 6. Let m = 5 - t. What is the units digit of m?
2
Let b(d) = -d**3 + 2*d**2 + 3*d + 1. Let h(u) = -u**2 - u. Let f be h(-2). What is the tens digit of b(f)?
1
Suppose 4*g - 2*q - 4 = 20, 2*g - 8 = 2*q. Let s = g + -7. What is the units digit of s?
1
Let w(b) = 6*b**2 - b. Let t be w(-2). Let d = t + 14. Suppose 4*c + 5*u = -c + d, -3*c + 26 = 4*u. What is the units digit of c?
6
Let c(y) = y**3 + 2*y**2 - 2*y - 1. Let n be (-2)/(-1) + -2 + -2. What is the units digit of c(n)?
3
Suppose 8 = 4*a - 8. Suppose -a*x + 9*x + 5*g - 35 = 0, -3*g - 15 = 0. What is the units digit of (x/(-8))/(3/(-14))?
7
Let a be (-4)/2 + (26 - 2). Let o = a - 15. Suppose -o - 8 = -3*v. What is the units digit of v?
5
Let v(n) = -n**3 - 8*n**2 - 8*n. What is the units digit of v(-7)?
7
Suppose 2*u - 36 = -2*u. What is the units digit of 4/6 + 30/u?
4
Let p be (3/2)/((-3)/(-6)). Let a(k) = k**2 - 2. Let g be a(p). Let q(v) = v**2 - 6*v + 2. What is the units digit of q(g)?
9
Suppose -5*p + 118 = -97. Suppose 0 = 2*y - s - 12, 7 = -4*y - 4*s + p. What is the units digit of y?
7
Let p(k) = k - 9. Let a be p(7). What is the units digit of a*38*(-2)/8?
9
Suppose 6*b - 410 = b. Suppose -l - b = -3*q, 0 = -4*q - 0*q - l + 121. What is the units digit of q?
9
Let j be -2*21/(-6)*-9. Let g = j - -25. What is the units digit of g*(3 + (-7)/2)?
9
What is the tens digit of (-3 + 114)/((-15)/(-10))?
7
Let m(k) = k**2 - 3*k + 5. Let h be m(4). What is the units digit of (-1 + 94)*h/27?
1
Suppose 5*u = 5*h - 55, u + 25 = -u + 3*h. Let s(z) = 0*z + 0 - z - 4. What is the units digit of s(u)?
4
Let w = 156 - 266. Let v be (-18)/4*w/15. Suppose 3 + v = 4*l. What is the units digit of l?
9
Let a be (-8)/(-6)*(-54)/12. Let n(m) = 0*m + 2 - 5 - 2*m. What is the units digit of n(a)?
9
Let g(i) = -2*i**3 + i**2 + 2*i + 1. Let w be g(-1). Suppose y = -5*s - 16, -y + w*y + s + 4 = 0. What is the units digit of (-4 - 1/y)/(-1)?
3
Let b = -28 + 16. Let n be (-4)/(-6) + (-16)/b. Let f = n + 6. What is the units digit of f?
8
Let u be 0 + (2 - 0) + -2. Let w = 7 - 4. Suppose a - 2*t - 9 = 0, u*a - 3*a + 15 = -w*t. What is the units digit of a?
1
Suppose 3*r = 4*k - 7, -5*k - 2*r = -0 - 3. What is the units digit of k?
1
Suppose -2*k + x + 139 = 0, -x = -3*k - 2*x + 211. What is the tens digit of k?
7
Suppose 234 = 3*t + q + 4*q, -368 = -5*t - q. What is the units digit of t?
3
Suppose 0 = -d + 70 - 36. What is the units digit of d?
4
Suppose -59 = -2*c - 3. Suppose 0*v = 2*j - 4*v - 30, -c = -2*j + 3*v. What is the tens digit of j?
1
Let v(d) be the third derivative of d**4/24 - 5*d**3/6 - 2*d**2. Let k be v(0). Let a(z) = z**2 + 2*z. What is the units digit of a(k)?
5
Let f(l) = l**2 - l. Let r(t) = -4*t**2 + 9*t - 7. Let x(d) = 5*f(d) + r(d). What is the units digit of x(-6)?
5
Let d be 590/22 + 6/33. Let m = -7 + d. What is the tens digit of m?
2
Suppose 0 = 2*x + 2*l - 74, -x - 2*l - 43 = -2*x. Let m = -25 + x. What is the tens digit of m?
1
Let q(m) = m**3 + 6*m**2 + 2*m + 3. Let u be q(-3). What is the units digit of (9/(-12))/((-3)/u)?
6
Let b = -4 - 6. What is the units digit of 3*b/(-6) + -3?
2
Let c be ((-9)/6)/(1/(-2)). Suppose -c*j = -8*j - 10. Let p = 4 + j. What is the units digit of p?
2
Let n(p) = -3 - 3*p**3 + 0 + 2*p + 4*p**3 + 0*p. What is the units digit of n(2)?
9
Let t(j) = j - 7. Let z be t(7). Suppose 2*g - 14 - 4 = z. What is the units digit of g?
9
Let f(s) = s - 4. Let o be f(3). What is the tens digit of (-1 + o)*(-108)/8?
2
Suppose y + 3*y + 124 = f, -f - 4 = 0. Suppose -2*u - 46 = -3*u. Let v = u + y. What is the tens digit of v?
1
Let t(a) = -3*a**3 - 2*a**2 - a. Let z = 9 + -6. Suppose -2*v = 4*f - 2, 5*v = f + 13 + z. What is the units digit of t(f)?
2
Suppose 0 = 2*g - 6*g + 212. What is the tens digit of g?
5
Suppose 0 = -2*a - 5*d - 37, -a - 3 = 2*a - 3*d. Let h be 0 + 1/((-3)/a). Suppose 0 = 4*r + 3*q - 43, 3*r + 6*q = h*q + 41. What is the units digit of r?
7
Let t = 18 - 0. What is the tens digit of t?
1
Suppose -5*a + 3*w + 2*w = -50, -5*a + 3*w + 56 = 0. Suppose n + n - a = 3*q, 0 = 5*n + 5*q - 20. Suppose -n*m = -2*m - 30. What is the units digit of m?
0
Let i(l) = l**2 + 3*l - 4. Let f be i(-5). Let o(y) = -y**2 + 7*y + 6. What is the tens digit of o(f)?
1
Suppose 4*o = -3*t + 14, 0*t = 4*o - t - 6. Let y be (-10)/4*32/(-20). Suppose -o*z + b + 14 = 1, 0 = y*b - 12. What is the units digit of z?
8
Let w(t) = 36*t**2 - 3*t - 3. What is the tens digit of w(-1)?
3
What is the tens digit of 3*(-25)/15*-41?
0
Let p(f) = -f - 9. Let i be ((-22)/(-4))/(4/(-8)). What is the units digit of p(i)?
2
Let i be -2 + -3 + (10 - 1). Suppose i*w - w - 28 = 2*a, -5*w + a = -56. What is the units digit of w?
2
Let s(p) = p**3 + p - 2. What is the tens digit of s(3)?
2
Let w be 16/7 + (-6)/21. Suppose -w*c + 39 = c. What is the tens digit of c?
1
Let d(f) = -5*f**3 - 7*f**2 - 6*f - 4. Let t be d(-4). What is the units digit of (4/6)/(8/t)?
9
Let f(l) = -l + 17. Suppose 0 = q - 4*q + 9. Suppose -q*o = -9 - 12. What is the units digit of f(o)?
0
Let u(y) = 2*y**3 + 9*y - 2*y**2 + y**2 + 13*y**2 - y**3 - 7. What is the units digit of u(-11)?
5
Suppose -3*w - 6 = z, w - 2 = 3*z - 4. Suppose 4*l + 60 = 2*i, 2*i = -z*i + 3*l + 56. Let t = i + -14. What is the units digit of t?
8
Let w be (-6)/5*(-20)/(-3). What is the units digit of ((-4)/w)/((-2)/(-20))?
5
Let i be (0 - (-10)/(-4))*-46. Suppose -i + 35 = -5*a. What is the tens digit of a?
1
What is the tens digit of (869/(-22))/((-1)/2)?
7
Let g(a) = -3*a - 9. Suppose -5 = b + 3. What is the units digit of g(b)?
5
What is the units digit of 20/4 + -3 - -89?
1
Suppose 7*c = 3*c + 316. Suppose -11 = 4*l - c. What is the units digit of l?
7
Let v(z) be the second derivative of -z**2 - 1/3*z**3 + 0 - 3*z. What is the units digit of v(-2)?
2
Let a = -1 - -40. Suppose j + 2 - 3 = 0, a = h + 2*j. What is the tens digit of h?
3
Let x(h) = h**3 + 6*h**2 + 2*h + 9. Let o be x(-6). Let u be 2 + o*(3 - 1). What is the units digit of (u + 0)/(2/(-4))?
8
Suppose -2*f + 40 = -24. What is the units digit of f?
2
Suppose 5*z = 3*k - 2*k - 12, 4*z = -8. What is the units digit of k?
2
Let k = -1 - -1. Let q(h) = 10*h**2 + 2*h - 1. Let j be q(1). Suppose 5*d - j - 19 = k. What is the units digit of d?
6
Let n(k) = 5*k**3 + 4*k**2 + k - 4. Let z be n(-3). Let h be z/3 - (-5)/15. Let m = -22 - h. What is the tens digit of m?
1
Let v = -50 + 97. What is the tens digit of v?
4
Suppose 0 = -3*d - 0 + 9. Suppose 0 = z + d*c - 32, -2*c - 71 - 4 = -5*z. What is the tens digit of z?
1
What is the units digit of (19 - (-3 - -4)) + -1?
7
Suppose -2*f - 138 = -3*j + j, 3*j + 5*f = 207. What is the units digit of j?
9
Let i(d) = -2*d - 6. Let v be i(-6). Let c be ((-12)/18)/((-2)/v). Suppose 11 = -y + c*y. What is the units digit of y?
1
Let n(k) be the second derivative of -k**3/6 + 9*k**2/2 + k. What is the units digit of n(6)?
3
What is the units digit of 2/2*126/7?
8
Let f = -84 - -58. Let n be (-36)/(-45)*(51 - 1). Let q = f + n. What is the units digit of q?
4
Let z be 3 + 0*(-1)/3. Suppose -27 + 75 = z*g. What is the units digit 